23024?
23024
In base 15, what is -14 - -5?
-e
In base 9, what is 7 - -57?
65
In base 13, what is 360 - -3?
363
In base 11, what is -1 - 108?
-109
In base 6, what is -10051 - -5?
-10042
In base 16, what is -10 + -8e?
-9e
In base 6, what is 0 + -1345?
-1345
In base 16, what is 330a - 2?
3308
In base 5, what is -3 - 3300?
-3303
In base 5, what is -123 - 4?
-132
In base 12, what is -55 - 2?
-57
In base 13, what is -560 - 0?
-560
In base 7, what is -205 - 2?
-210
In base 7, what is 1 - 14?
-13
In base 10, what is -1091 - -5?
-1086
In base 12, what is -5 - 45?
-4a
In base 9, what is -34 + 11?
-23
In base 3, what is 10 - -2012?
2022
In base 12, what is 1 - -2527?
2528
In base 14, what is -106 - 5?
-10b
In base 13, what is -9 + a5?
99
In base 6, what is -5 - 114?
-123
In base 2, what is -110101110 + 10?
-110101100
In base 9, what is -25880 + -4?
-25884
In base 2, what is 111 - 100?
11
In base 10, what is -3 - -611?
608
In base 7, what is 1421 + 4?
1425
In base 2, what is -10010 + -10101?
-100111
In base 2, what is 100 - 1001?
-101
In base 5, what is 20234 - 3?
20231
In base 15, what is a3 + -6?
9c
In base 15, what is -22 + 12b?
109
In base 10, what is 12 + -69?
-57
In base 5, what is -10040 + 30?
-10010
In base 15, what is 4 + 8?
c
In base 3, what is -20110 + 12?
-20021
In base 5, what is 1 + 314?
320
In base 12, what is 9 + 149?
156
In base 2, what is -1011010 - -100011?
-110111
In base 16, what is -2 + -51?
-53
In base 15, what is 1 + 908?
909
In base 2, what is 11011111 + -101001?
10110110
In base 5, what is 13 + 20033?
20101
In base 8, what is -4 + 463?
457
In base 12, what is 13a7 + -1?
13a6
In base 2, what is -101000010 - 0?
-101000010
In base 5, what is 2203 - -12?
2220
In base 3, what is 110202 + 211?
111120
In base 4, what is -120 + -301?
-1021
In base 8, what is 35 + -104?
-47
In base 14, what is 2a - -11?
3b
In base 15, what is -2ab2 - -2?
-2ab0
In base 7, what is -2 - -12?
10
In base 4, what is 3221 - -2?
3223
In base 5, what is -1142 - -10?
-1132
In base 7, what is -3 + 62?
56
In base 14, what is 56 - 1b?
39
In base 6, what is -2 - -14405?
14403
In base 14, what is -1a2 - 2?
-1a4
In base 8, what is 10605 - 0?
10605
In base 13, what is 1c0 - 0?
1c0
In base 9, what is 648 + -41?
607
In base 7, what is 636 + 3?
642
In base 6, what is 40 + -10?
30
In base 7, what is -2 + -366?
-401
In base 13, what is 0 - -1c9?
1c9
In base 16, what is 9 - 2bc?
-2b3
In base 8, what is 3 - 302?
-277
In base 6, what is 1 - 32351?
-32350
In base 12, what is -27 + 0?
-27
In base 12, what is 3b4 - 1?
3b3
In base 11, what is 1 + 108?
109
In base 6, what is -2213 - 20?
-2233
In base 5, what is -34 + -20?
-104
In base 10, what is -38 + -6?
-44
In base 10, what is 264 - 30?
234
In base 12, what is 50 - -a?
5a
In base 7, what is 1 - -46?
50
In base 5, what is 1241011 - 2?
1241004
In base 6, what is -1 + 0?
-1
In base 13, what is 1 - 157b?
-157a
In base 8, what is 0 - -300?
300
In base 11, what is -2 + 113?
111
In base 13, what is 6 + 35?
3b
In base 11, what is 2 - -1829?
1830
In base 4, what is -11231 + 10?
-11221
In base 5, what is 23 + 22?
100
In base 8, what is -1045 + -1?
-1046
In base 8, what is -5 - 232?
-237
In base 4, what is 313 - -22?
1001
In base 7, what is -5 + -1354?
-1362
In base 7, what is -4100 - 5?
-4105
In base 11, what is 165 - 14?
151
In base 8, what is 4 - -634?
640
In base 3, what is 0 - -1021?
1021
In base 9, what is 801 + -2?
788
In base 3, what is 2010 - -20021?
22101
In base 14, what is -11ab + 9?
-11a2
In base 3, what is 2001 - 12?
1212
In base 11, what is 3 - -61?
64
In base 8, what is 11 + 1?
12
In base 15, what is 14 - -18c?
1a1
In base 14, what is 559 - -6?
561
In base 6, what is 15 - -141?
200
In base 5, what is 24 - -1402?
1431
In base 13, what is 65 + 3?
68
In base 13, what is 204 + 5?
209
In base 15, what is -4 + -12?
-16
In base 2, what is -11 + -1100?
-1111
In base 2, what is -11110101010 + 100?
-11110100110
In base 9, what is 5 + -13?
-7
In base 5, what is 12241 + -10?
12231
In base 10, what is 548 - 1?
547
In base 11, what is -4a - -10?
-3a
In base 15, what is -2 + 1e?
1c
In base 2, what is -101 + -110011?
-111000
In base 15, what is 6e - -1?
70
In base 16, what is -2 + -284?
-286
In base 13, what is 5 - 139?
-134
In base 11, what is 1 + 1818?
1819
In base 10, what is 127 - -21?
148
In base 2, what is -100000000 + 1001?
-11110111
In base 11, what is 1a5 - 1?
1a4
In base 2, what is -1101111 + 101?
-1101010
In base 4, what is 11 - -302?
313
In base 5, what is -14 + -43000?
-43014
In base 8, what is -36 - 211?
-247
In base 7, what is -2 - -325?
323
In base 16, what is -4 - 67?
-6b
In base 16, what is 59 - e?
4b
In base 2, what is -10001 - -1000000101?
111110100
In base 13, what is a94 + -3?
a91
In base 10, what is 249 + 2?
251
In base 8, what is -1056 - -35?
-1021
In base 11, what is -3 + -152?
-155
In base 13, what is -933 - 1?
-934
In base 8, what is 5 + 4652?
4657
In base 12, what is -4 + b?
7
In base 12, what is -198 + 0?
-198
In base 11, what is -4 - a5?
-a9
In base 6, what is -3313 + -2?
-3315
In base 3, what is 1 + -20101001?
-20101000
In base 13, what is -29 - -4?
-25
In base 13, what is -119 + 4?
-115
In base 16, what is 19e - -8?
1a6
In base 13, what is 2 + 399?
39b
In base 5, what is 23 + -32014?
-31441
In base 10, what is 384 + 7?
391
In base 15, what is -1730 + 1?
-172e
In base 13, what is 3 - -49?
4c
In base 16, what is 1f46 - -3?
1f49
In base 6, what is 3 - 424?
-421
In base 11, what is -a4 - 21?
-115
In base 4, what is -1201 - 2?
-1203
In base 10, what is -5 - 99?
-104
In base 2, what is 101101100 + -10?
101101010
In base 8, what is -21 - -605?
564
In base 4, what is 10 + 113?
123
In base 8, what is 266 + -74?
172
In base 3, what is 1220022 - 0?
1220022
In base 3, what is 2 - -210101?
210110
In base 16, what is 0 + 18?
18
In base 4, what is -11323 - -12?
-11311
In base 4, what is -1010 + -1?
-1011
In base 3, what is 2 - -12?
21
In base 8, what is 10311 + 3?
10314
In base 2, what is 0 - 11010000010?
-11010000010
In base 5, what is 4 - -21?
30
In base 13, what is -1a - 8?
-25
In base 14, what is 4 - -46?
4a
In base 4, what is 203 + -11?
132
In base 10, what is 0 + -9?
-9
In base 2, what is -11 + -1?
-100
In base 16, what is -7c - 54?
-d0
In base 3, what is 10200 - 12?
10111
In base 16, what is 1ae - 3?
1ab
In base 10, what is 17 + 14?
31
In base 14, what is 0 + 2d?
2d
In base 3, what is -200 + 220?
20
In base 7, what is 166 + 32?
231
In base 16, what is 1 - -2d3?
2d4
In base 13, what is -36c + b?
-361
In base 9, what is 86 - 4?
82
In base 12, what is -180 - -5?
-177
In base 16, what is -15 - 6?
-1b
In base 11, what is -3 + 0?
-3
In base 14, what is 2 + 1b?
1d
In base 9, what is 300 - 15?
274
In base 2, what is -100001110110 - -10?
-100001110100
In base 15, what is 181 - 3?
17d
In base 10, what is 2 - 70?
-68
In base 11, what is 20 + 42?
62
In base 3, what is -210011112 - 2?
-210011121
In base 7, what is -30 - -133?
103
In base 5, what is -101202 - -1?
-101201
In base 15, what is 46 + -7?
3e
In base 2, what is -10000010 + 0?
-10000010
In base 3, what is 10 + 110000?
110010
In base 12, what is -11436 + 5?
-11431
In base 9, what is 3624 + 5?
3630
In base 11, what is -1629 + 2?
-1627
In base 10, what is 1 + 50?
51
In base 7, what is -226 - 0?
-226
In base 8, what is -4 - -2605?
2601
In base 15, what is -1 - -361?
360
In base 8, what is -212 + 64?
-126
In base 4, what is 1231 - -12?
1303
In base 6, what is 124 - 25?
55
In base 2, what is -110 + 11000001?
10111011
In base 5, what is 23 + 311?
334
In base 13, what is -45 + 0?
-45
In base 6, what is 203 - -20?
223
In base 14, what is -d5a4 - -1?
-d5a3
In base 14, what is 53 + -2?
51
In base 9, what is 0 - 240?
-240
In base 6, what is 44 - 1?
43
In base 15, what is 22 + -3?
1e
In base 13, what is -84 + 3?
-81
In base 11, what is 1a1 - -5?
1a6
In base 9, what is 22 + 6?
28
In base 8, what is -17574 - 1?
-17575
In base 12, what is -2 + -1a5?
-1a7
In base 12, what is 206 + 3?
209
In base 10, what is -13 - -954?
941
In base 15, what is 9 + -e?
-5
In base 15, what is b - -a?
16
In base 10, what is 10 + 396?
406
In base 12, what is 2 + 66?
68
In base 2, what is 100011101011 - 11?
100011101000
In base 14, what is d + 814?
823
In base 5, what is 10 + 10100?
10110
In base 6, what is 